ands digit of 343962?
3
What is the units digit of 1418208?
8
What is the hundred thousands digit of 590243?
5
What is the ten thousands digit of 453355?
5
What is the thousands digit of 5564558?
4
What is the ten thousands digit of 8767884?
6
What is the ten thousands digit of 851492?
5
What is the thousands digit of 741153?
1
What is the units digit of 806157?
7
What is the millions digit of 3718037?
3
What is the thousands digit of 16300802?
0
What is the thousands digit of 3541837?
1
What is the hundred thousands digit of 571911?
5
What is the hundred thousands digit of 620221?
6
What is the hundred thousands digit of 5025837?
0
What is the hundreds digit of 532961?
9
What is the units digit of 10164529?
9
What is the hundred thousands digit of 9190426?
1
What is the hundreds digit of 16027610?
6
What is the ten thousands digit of 1038059?
3
What is the tens digit of 219377?
7
What is the hundreds digit of 242979?
9
What is the hundred thousands digit of 1009470?
0
What is the thousands digit of 16355277?
5
What is the ten thousands digit of 186500?
8
What is the hundreds digit of 6660461?
4
What is the ten thousands digit of 2345410?
4
What is the units digit of 604285?
5
What is the millions digit of 3548880?
3
What is the tens digit of 5439999?
9
What is the ten thousands digit of 7655715?
5
What is the hundred thousands digit of 338039?
3
What is the hundred thousands digit of 323079?
3
What is the hundred thousands digit of 121962?
1
What is the tens digit of 425091?
9
What is the thousands digit of 455356?
5
What is the units digit of 38062?
2
What is the units digit of 163253?
3
What is the ten thousands digit of 781676?
8
What is the units digit of 2658821?
1
What is the tens digit of 5787064?
6
What is the hundreds digit of 107549?
5
What is the tens digit of 28977864?
6
What is the thousands digit of 376052?
6
What is the ten thousands digit of 77450?
7
What is the ten thousands digit of 490881?
9
What is the ten thousands digit of 466784?
6
What is the units digit of 1989280?
0
What is the thousands digit of 25057798?
7
What is the tens digit of 892893?
9
What is the ten thousands digit of 945589?
4
What is the hundred thousands digit of 615867?
6
What is the hundred thousands digit of 272392?
2
What is the hundred thousands digit of 6039182?
0
What is the ten thousands digit of 49048?
4
What is the units digit of 42323?
3
What is the tens digit of 14090171?
7
What is the tens digit of 169474?
7
What is the hundreds digit of 248398?
3
What is the ten millions digit of 26537056?
2
What is the hundreds digit of 854555?
5
What is the hundred thousands digit of 364544?
3
What is the ten thousands digit of 382716?
8
What is the units digit of 7408559?
9
What is the hundreds digit of 1350530?
5
What is the ten thousands digit of 54845?
5
What is the units digit of 601000?
0
What is the tens digit of 352760?
6
What is the ten thousands digit of 1420059?
2
What is the hundred thousands digit of 208197?
2
What is the thousands digit of 175026?
5
What is the units digit of 239681?
1
What is the hundred thousands digit of 1245531?
2
What is the tens digit of 426800?
0
What is the thousands digit of 609305?
9
What is the ten thousands digit of 260232?
6
What is the units digit of 3001557?
7
What is the tens digit of 6711733?
3
What is the units digit of 213209?
9
What is the hundred thousands digit of 474146?
4
What is the thousands digit of 500540?
0
What is the ten thousands digit of 600774?
0
What is the ten thousands digit of 995185?
9
What is the hundred thousands digit of 5580227?
5
What is the hundreds digit of 551731?
7
What is the ten thousands digit of 486433?
8
What is the thousands digit of 1002629?
2
What is the thousands digit of 2251924?
1
What is the millions digit of 1584512?
1
What is the millions digit of 1147450?
1
What is the millions digit of 21006908?
1
What is the hundred thousands digit of 314755?
3
What is the millions digit of 32503850?
2
What is the units digit of 81241?
1
What is the hundred thousands digit of 129271?
1
What is the tens digit of 669974?
7
What is the hundreds digit of 427345?
3
What is the hundred thousands digit of 333089?
3
What is the thousands digit of 34568?
4
What is the hundred thousands digit of 6108245?
1
What is the tens digit of 435094?
9
What is the millions digit of 35951465?
5
What is the millions digit of 1077790?
1
What is the units digit of 441020?
0
What is the tens digit of 4095230?
3
What is the hundreds digit of 37616?
6
What is the tens digit of 5379505?
0
What is the hundreds digit of 556203?
2
What is the millions digit of 3223021?
3
What is the units digit of 22672802?
2
What is the hundreds digit of 287465?
4
What is the hundreds digit of 54285?
2
What is the tens digit of 231017?
1
What is the hundred thousands digit of 106079?
1
What is the ten thousands digit of 10476013?
7
What is the ten millions digit of 21158977?
2
What is the hundreds digit of 5724598?
5
What is the hundreds digit of 5355387?
3
What is the hundreds digit of 5797123?
1
What is the units digit of 3535895?
5
What is the ten thousands digit of 62559?
6
What is the ten thousands digit of 1121730?
2
What is the tens digit of 1022736?
3
What is the units digit of 279527?
7
What is the ten thousands digit of 761872?
6
What is the hundreds digit of 996331?
3
What is the thousands digit of 2868538?
8
What is the ten thousands digit of 1813604?
1
What is the units digit of 441090?
0
What is the tens digit of 2477512?
1
What is the hundreds digit of 22468?
4
What is the millions digit of 4334998?
4
What is the hundreds digit of 16711932?
9
What is the millions digit of 3973726?
3
What is the tens digit of 56842?
4
What is the millions digit of 3602879?
3
What is the thousands digit of 83375?
3
What is the ten thousands digit of 362700?
6
What is the units digit of 877994?
4
What is the tens digit of 1790460?
6
What is the thousands digit of 3050074?
0
What is the hundred thousands digit of 804949?
8
What is the units digit of 8363988?
8
What is the ten thousands digit of 1030989?
3
What is the tens digit of 497080?
8
What is the tens digit of 74097?
9
What is the hundreds digit of 459666?
6
What is the hundred thousands digit of 2673472?
6
What is the tens digit of 207761?
6
What is the ten thousands digit of 457199?
5
What is the tens digit of 552494?
9
What is the tens digit of 1048016?
1
What is the hundreds digit of 526134?
1
What is the units digit of 1078665?
5
What is the units digit of 3939270?
0
What is the tens digit of 566544?
4
What is the tens digit of 2006090?
9
What is the hundred thousands digit of 1133700?
1
What is the hundreds digit of 6798076?
0
What is the units digit of 46297?
7
What is the ten thousands digit of 14547688?
4
What is the thousands digit of 3665667?
5
What is the hundreds digit of 398987?
9
What is the tens digit of 406150?
5
What is the thousands digit of 864189?
4
What is the thousands digit of 1215106?
5
What is the millions digit of 1323887?
1
What is the hundred thousands digit of 1599999?
5
What is the ten thousands digit of 116357?
1
What is the thousands digit of 451069?
1
What is the thousands digit of 2726579?
6
What is the ten thousands digit of 1554126?
5
What is the tens digit of 13120487?
8
What is the thousands digit of 87705?
7
What is the thousands digit of 10177672?
7
What is the hundreds digit of 824764?
7
What is the tens digit of 8020754?
5
What is the ten thousands digit of 15257?
1
What is the hundred thousands digit of 16377093?
3
What is the units digit of 17691203?
3
What is the units digit of 283078?
8
What is the hundreds digit of 14182327?
3
What is the thousands digit of 70220?
0
What is the tens digit of 324861?
6
What is the hundreds digit of 16471934?
9
What is the hundreds digit of 20494521?
5
What is the units digit of 99761?
1
What is the tens digit of 22210?
1
What is the millions digit of 1043848?
1
What is the units digit of 57879?
9
What is the hundred thousands digit of 7614876?
6
What is the thousands digit of 359647?
9
What is the hundreds digit of 13176827?
8
What is the units digit of 4458483?
3
What is the ten thousands digit of 143180?
4
What is the hundred thousands digit of 33428004?
4
What is the thousands digit of 1